4 - 48 - -9) + -2 + 10?
-7
What is the value of 0 - -10 - ((7 - -33) + -34)?
4
What is the value of (1637 - 1662) + 1 + -2?
-26
-42 + (5 - (12 - 7 - 9))
-33
What is -9 + (-10 + 15 - 18 - -16)?
-6
Calculate -28 - (2 + -2) - (-38 + 70 - 30).
-30
What is the value of 7 + (15 - -6) + -17?
11
Calculate (-2 - (8 - 1)) + 1879 + -1865.
5
What is 41 + 21 + -38 - 6?
18
Evaluate (0 - (0 - 1) - 8) + -1467 + 1481.
7
9 - (-10 + 1 - (41 + -45))
14
(-6 - (-1 + (14 - 6))) + 3
-10
What is 3 + (-7 - -6 - -2)?
4
What is 1 + 3 - (-4 + -3 + -7 + 9)?
9
What is 4 + -64 + 38 + (0 - 2)?
-24
Evaluate 10 - (17 + -10) - 29 - 8.
-34
Calculate 1 - 1 - (-5 + 5 - (-18 + 29)).
11
(-7 - (1 + 2)) + -5 + -5 + 4
-16
What is the value of 0 + 30 - (197 - 151)?
-16
Evaluate 1 - 0 - (-251 + 251) - 16.
-15
Evaluate (-13 - (-6 + -7)) + (-2 - 5 - -2).
-5
What is the value of -8 + (-5 - (8 - 17 - -6))?
-10
Evaluate -5 + 9 + -2 + (-23 - -12).
-9
What is -8 + (21 - (21 - 7))?
-1
What is -5 + -1 + (-23 - (-16 - 1))?
-12
(25 - (21 + -14)) + 0
18
What is -1 + 9 + -1 + (-123 + 29 - -99)?
12
What is the value of -4 + 10 + -2 + -8?
-4
6 - 7 - (-20 + 22)
-3
Evaluate (92 - 101) + (39 + -4 - -7).
33
Evaluate -28 + (-19 - (15 + -45)).
-17
Evaluate (3 - 22) + (463 - 417).
27
(10 - -1) + 179 + -188
2
Calculate -43 + 46 + -16 + -8.
-21
What is the value of -35 + -15 + 51 + -1 + 15?
15
What is the value of (5 - 0) + 1 + (-7 - 0)?
-1
What is the value of (20 - (1 - -11)) + 0 + 2 + -1?
9
What is -14 + -5 - (12 + -38 + 8)?
-1
Calculate (0 - 4 - -13) + (-4 - -6 - -7).
18
Evaluate -570 + 579 - (0 + 21).
-12
What is (-1 + -3 - 15) + 6 - (1 + -6)?
-8
What is -28 + (70 - 33) - (11 - 0)?
-2
(-15 - (-22 - -14)) + 21
14
What is the value of 4 - (-7 + 2) - 11?
-2
What is 0 - (-9 - -3) - (-4 + 21 + -1)?
-10
What is the value of -3 - (37 + (36 - 73))?
-3
Evaluate 9 - (49 + 10 + -11 + 13 + -18).
-34
Calculate -7 - (3 + (-14 - -3)).
1
-24 + 33 + 35 + (-6 - (9 + -8))
37
Evaluate 23 + -27 - ((3 - 6) + -3).
2
What is the value of -537 + 551 + 3 + 0?
17
Calculate 12 - (0 + -2 + 12).
2
Calculate 44 - (-29 + 65 - 13).
21
(-458 - -436) + (-3 - -43)
18
Calculate 1400 + -1402 + (0 + (0 - -1) - 4).
-5
Evaluate 50 - (23 + -4) - 18.
13
Calculate -17 - -25 - 36 - -6.
-22
What is 8 + -5 + (-7 - -6) - -1?
3
What is the value of -12 + -2 + 0 + 30?
16
(14 - 10) + -1 + (-4 - 4)
-5
Calculate 3 + (7 - 13) + 4 + 4 + 4.
9
-1 + 1 - (7 - (-14 + 24 + -7))
-4
Calculate -11 + (31 - (5 - (-3 - -7))).
19
What is the value of 1159 + -1175 - (-1 - (3 + 1))?
-11
Calculate -15 + (4 - (-9 + -15)).
13
Evaluate (-20 - -19) + -2 - (-5 - 1).
3
Calculate -51 + -25 + 12 + 42.
-22
What is the value of (9 - 14) + (19 - 14)?
0
Calculate 7 - (-3 + (7 - (-3 - -3)) + -5).
8
What is 0 - (-14 + (3 - 9) + (-5 - -11))?
14
Calculate -17 + (66 - 34) + -18.
-3
Evaluate 53 - (6 - -22 - -3).
22
What is the value of 6 + 2 + 2 + -6 - (-18 + 18)?
4
Calculate (-15 - (-12 - -9)) + 6 + (-1 - 0).
-7
Calculate -20 + (-41 + 35 - -25).
-1
Calculate 9 - 0 - (-23 + -2 + (111 - 89)).
12
What is -16 + (-18 - -18 - -6)?
-10
-5 - (-7 - (-4 - 6)) - (5 + -2)
-11
What is -8 + (1 - -43) + -53?
-17
Calculate 12 - 11 - (0 - -11) - 12.
-22
What is -22 + -7 + -2 - -26?
-5
(5 + -2 - (-1 - -8)) + -5
-9
Calculate (1 - 20) + -7 + 9 + -19 + 8.
-28
Calculate -16 + (2 - -9 - -2).
-3
What is 15 + 5 + (9 - 7 - 5) - 6?
11
Evaluate 276 + -272 + (1 - 21).
-16
(2 - 4) + 180 + -163
15
What is the value of -12 - (-11 - -13) - -12?
-2
Evaluate 15 - (-15 + 39 + -7).
-2
-3 - (1 + -22 + (115 - 112))
15
What is the value of (1 + 7 + 12 + -4 - -10) + -2?
24
(3 - 1 - 14) + -95 + 98
-9
Calculate -31 + (7 - (-7 + 19 - 5 - 4)).
-27
What is 0 - 8 - (-16 - -7)?
1
16 - (-33 - -46) - (-3 + 2)
4
Evaluate -13 + -8 + (-41 - -24).
-38
What is 43 - -7 - 72 - (-3 + 11)?
-30
Evaluate -8 + (5 + 1 - -18) + (-21 - -17).
12
(-27 - -21 - (11 - -1)) + 4
-14
Calculate 11 + (-11 - 11) - 0.
-11
-4 - 2 - -16 - (-7 - (2 + 1))
20
Calculate (-24 + -26 - -57) + (-1 - -9 - 0).
15
What is -15 + (-1 - (-2 - -2)) + -22 + 27?
-11
What is the value of 10 + (-4 - -5) - (5 + -4 - 10)?
20
-10 + -10 - 0 - -22
2
Evaluate -26 - -14 - (11 - 1 - 35).
13
What is the value of (9 - 5) + 1 - (-25 - (-8 + -2))?
20
Evaluate 103 + -90 + (3 - 17).
-1
Calculate 20 - ((-14 - 18) + 23).
29
Calculate 4 - 2 - (2 - -4 - -2 - -7).
-13
Evaluate 0 - -1 - (116 + -121).
6
Calculate (0 - (-4 - -36)) + 5 + 38 + -30.
-19
What is the value of -12 + ((-5 - -7) + 7 - 4)?
-7
-12 + (-36 - -39) + 1 + 7
-1
Calculate 20 + -79 - -24 - -40.
5
60 - 49 - (10 + -4 - -8)
-3
-32 + 95 + -30 - 25
8
What is 5 + -15 + -2 + 20?
8
What is the value of 22 - -34 - (37 + 1)?
18
Evaluate 69 - -2 - (192 - 150).
29
17 - 11 - (8 + -13)
11
Calculate (72 - (82 - -11)) + (2 - (0 - 2)).
-17
Calculate -15 - (-15 + -5) - (1 + 0).
4
Evaluate 10 + 0 - (-34 - (-3 + -11)).
30
What is (40 - 43) + 7 + 2 - 15?
-9
((5 - 18) + 4 + -4 - -8) + 6
1
What is the value of (-9 - -23) + (-33 - -28)?
9
What is the value of 12 + -5 + (-14 - -5)?
-2
Calculate -1 + -8 + 10 + -14 + 5 + 2.
-6
-5 + (-17 + 11 - -16)
5
What is -29 + (13 - 20 - -54)?
18
What is the value of -1 - -24 - ((-60 - -44) + 29)?
10
What is the value of -3 + -4 + 3 + 3 + (16 - 14)?
1
Evaluate -6 - (9 - (24 - 23)).
-14
1 - -12 - 12 - (0 - 3)
4
What is 1 + -6 - (145 - 151)?
1
81 + -1 + -38 + -35
7
Calculate (13 - -1) + (-50 - (-14 + -15)).
-7
Calculate 7 - (4 - (-7 - (0 + (7 - 15)))).
4
14 - 0 - (259 + -268) - 2
21
What is 141 + -138 - (-1 + -2 + (25 - 7))?
-12
Evaluate -7 + 5 + 14 + -7.
5
What is the value of -5 + -1 + 7 + 1 + (0 - 16)?
-14
37 - (-11 + 6 - (-2 - 16))
24
What is the value of -15 - ((-57 - -22) + 3)?
17
Evaluate -12 + (-4 - -7 - -6) - -4.
1
Calculate -9 - (1 - 2 - 4 - (2 - -2)).
0
What is 0 + 2 + 0 + -11 + 14 + -10?
-5
What is -11 + 29 + -10 - -3 - 24?
-13
What is (-2 + (-6 - -14) - 12) + -5?
-11
Evaluate -3 + 11 + (-4 - 8) + 6.
2
Calculate 0 + (-9 - -15) + -23.
-17
What is (9 - 1 - 20) + (2 - (-1 - 2))?
-7
What is -10 + -12 + -20 + 11 + 7?
-24
Calculate (11 - 1) + (46 - 48) + (-27 - -3).
-16
What is (7 - 17) + 16 + -15?
-9
What is the value of 11 - (1 + -4 + 25) - (1 - 5)?
-7
Evaluate -19 - (27 + -7 - 21).
-18
Calculate 12 + (-12 - (7 + -7)).
0
What is the value of -10 - 7 - -1 - -8 - -18?
10
Evaluate -29 - (-75 - -31) - ((-3 - -1) + 8).
9
Calculate 1 - (13 + 8 + -18 + 6).
-8
What is -4 + (-7 + 0 - -4) + 17?
10
What is the value of 98 + -90 + (1 - 0) + (1 - 2)?
8
What is the value of 9 + -2 + (9 - 15) + 1 - 0?
2
What is 14 + 2 - (-8 - -28)?
-4
What is the value of (0 - -6) + (-48 - -32) + 13?
3
What is 1 - -5 - (352 - 367)?
21
Calculate -2 - (-9 + (2 - (6 - -4)) + 15).
0
Calculate (-1 - -22) + -22 + -21.
-22
Evaluate 15 - 46 - -32 - (-2 - -11).
-8
-2 - 1 - -2 - (-94 + 80)
13
-16 + (17 - 9) + -3
-11
What is -68 + 5 + 25 + 72?
34
Calculate -3 + (-4 - -1) - (-18 - 1 - -2).
11
Calculate -12 + (11 + -13 - 2 - 14).
-30
What is the value of (-13 - (-6 - (9 + 1))) + -8?
-5
What is -8 + -1 + -3 + -35 + 35?
-12
What is -6 - (3 - (-3 - -11)) - -4?
3
What is the value of 2670 + -2675 - (1 + 0 - (2 + -13))?
-17
Calculate (-32 - (-32 - -13)) + (11 - -26).
24
Calculate 14 + -1 + -6 - 11.
-4
-14 + (35 - (11 + -1))
11
(19 + -34 - -7) + (-10 - -2 - 0)
-16
Calculate (0 - -1) + -6 + -90 + (14 - -68).
-13
Calculate -32 + 38 + -2 - (0 + -2 - -17).
-11
Calculate -42 - -28 - -29 - (1 - -34).
-20
What is (8 - 17) + 10 - 3 - 0?
-2
What is the value of -16 + 27 - (-28 - (5 - 8))?
36
Evaluate (1 - -11) + 229 + -227.
14
Evaluate (7 - (-2 - 6 - (45 + -53))) + -10.
-3
What is the value of 0 + (7 - 6) + (9 - (1 - -4))?
5
Calculate -13 - (-38 + (14 - 4 - 7)).
22
What is 233 + -242 + (-4 + -1 - -2)?
-12
Calculate 22 + (-33 - -2) - (-11 + 0).
2
What is the value of -6 - (-6 - 6 - -9)?
-3
Calculate 24 - -2 - (-104 + 121).
9
Evaluate (-20 - -10 - -10) + (-13 - -1) + 39.
27
Calculate (-14 - (8 + -20)) + (-3 - (-16 - 2)).
13
Calculate (-6 - 1) + (29 - -9) + -28.
3
0 + 1 + -11 + 25 + -8
7
What is the value of 7 + (-10 - (-4 - (-11 + 0)))?
-10
Evaluate 10 - (-1 - -14) - (-3 - 5).
5
What is the value of (5 - 9) + 16 + 2?
14
Evaluate -1 + 1 + -16 + (-2 - -18).
0
What is the value of 6 + (10 + -6 - (-13 - -13))?
10
What is -5 - 0 - (-12 + -8 + 2)?
13
What is the value of -42 - (22 - (58 - 1